{"id":126,"date":"2019-02-06T18:51:35","date_gmt":"2019-02-06T17:51:35","guid":{"rendered":"http:\/\/ifsancho.com\/?page_id=126"},"modified":"2022-11-17T13:18:08","modified_gmt":"2022-11-17T12:18:08","slug":"portfolio-online-ilustracion-diseno-editorial-grafico-y-web","status":"publish","type":"page","link":"https:\/\/ifsancho.com\/index.php\/portfolio-online-ilustracion-diseno-editorial-grafico-y-web\/","title":{"rendered":"Portfolio online: \u00a1Despierta la creatividad!"},"content":{"rendered":"\n<p>Desde el rigor y la profesionalidad que exigen las<strong> publicaciones t\u00e9cnicas<\/strong> hasta la magia de los<strong> cuentos infantiles<\/strong>, en este portfolio online encontrar\u00e1s proyectos muy diferentes dentro del \u00e1mbito de la <strong>ilustraci\u00f3n<\/strong>, el<strong> dise\u00f1o editorial<\/strong>, el<strong> dise\u00f1o gr\u00e1fico<\/strong> y la creaci\u00f3n de <strong>contenidos digitales<\/strong>.<\/p>\n\n\n\n<p>As\u00ed que, si tienes un proyecto entre manos y necesitas un poco de ayuda, \u00bfqu\u00e9 te parece sumergirte unos instantes en el apasionante mundo del<strong> dise\u00f1o?<\/strong> Elige el \u00e1rea que m\u00e1s te interese y navega a trav\u00e9s de las distintas galer\u00edas. Tambi\u00e9n puedes afinar tus b\u00fasquedas utilizando las diferentes categor\u00edas.<\/p>\n\n\n\n<div style=\"height:30px\" aria-hidden=\"true\" class=\"wp-block-spacer\"><\/div>\n\n\n\n<h3 class=\"has-text-align-center\">\u00bfPreparado para buscar inspiraci\u00f3n?<\/h3>\n\n\n\n<div style=\"height:30px\" aria-hidden=\"true\" class=\"wp-block-spacer\"><\/div>\n\n\n\n<div class=\"wp-block-columns\">\n<div class=\"wp-block-column is-vertically-aligned-top\">\n<div class=\"wp-block-image is-style-circle-mask\"><figure class=\"aligncenter size-thumbnail\"><a href=\"http:\/\/ifsancho.com\/index.php\/diseno-editorial-portfolio\"><img width=\"150\" height=\"150\" src=\"https:\/\/ifsancho.com\/wp-content\/uploads\/2019\/12\/editorial_pek-150x150.jpg\" alt=\"Isabel F. Sancho - Portfolio online\" class=\"wp-image-676\" srcset=\"https:\/\/ifsancho.com\/wp-content\/uploads\/2019\/12\/editorial_pek-150x150.jpg 150w, https:\/\/ifsancho.com\/wp-content\/uploads\/2019\/12\/editorial_pek.jpg 300w\" sizes=\"(max-width: 150px) 100vw, 150px\" \/><\/a><\/figure><\/div>\n\n\n\n<p class=\"has-text-align-center\"> <strong><a href=\"https:\/\/ifsancho.com\/index.php\/diseno-editorial-portfolio\/\">Dise\u00f1o editorial<\/a><\/strong> <\/p>\n<\/div>\n\n\n\n<div class=\"wp-block-column\">\n<div class=\"wp-block-image is-style-circle-mask\"><figure class=\"aligncenter size-thumbnail\"><a href=\"http:\/\/ifsancho.com\/index.php\/portfolio-diseno-grafico\"><img width=\"150\" height=\"150\" src=\"https:\/\/ifsancho.com\/wp-content\/uploads\/2020\/01\/grafico2_pek-4-150x150.jpg\" alt=\"\" class=\"wp-image-1295\" srcset=\"https:\/\/ifsancho.com\/wp-content\/uploads\/2020\/01\/grafico2_pek-4-150x150.jpg 150w, https:\/\/ifsancho.com\/wp-content\/uploads\/2020\/01\/grafico2_pek-4.jpg 300w\" sizes=\"(max-width: 150px) 100vw, 150px\" \/><\/a><\/figure><\/div>\n\n\n\n<p class=\"has-text-align-center\"> <strong><a href=\"https:\/\/ifsancho.com\/index.php\/portfolio-diseno-grafico\/\">Dise\u00f1o gr\u00e1fico<\/a><\/strong> <\/p>\n<\/div>\n\n\n\n<div class=\"wp-block-column\">\n<div class=\"wp-block-image is-style-circle-mask\"><figure class=\"aligncenter size-thumbnail\"><a href=\"http:\/\/ifsancho.com\/index.php\/portfolio-diseno-web\"><img width=\"150\" height=\"150\" src=\"https:\/\/ifsancho.com\/wp-content\/uploads\/2019\/12\/web_pek-150x150.jpg\" alt=\"Isabel F. Sancho - Portfolio online\" class=\"wp-image-707\" srcset=\"https:\/\/ifsancho.com\/wp-content\/uploads\/2019\/12\/web_pek-150x150.jpg 150w, https:\/\/ifsancho.com\/wp-content\/uploads\/2019\/12\/web_pek.jpg 300w\" sizes=\"(max-width: 150px) 100vw, 150px\" \/><\/a><\/figure><\/div>\n\n\n\n<p class=\"has-text-align-center\"> <strong><a href=\"https:\/\/ifsancho.com\/index.php\/portfolio-diseno-web\/\">Dise\u00f1o web<\/a><\/strong> <\/p>\n<\/div>\n\n\n\n<div class=\"wp-block-column\">\n<div class=\"wp-block-image is-style-circle-mask\"><figure class=\"aligncenter size-thumbnail\"><a href=\"http:\/\/ifsancho.com\/index.php\/portfolio-ilustracion-en-madrid\"><img width=\"150\" height=\"150\" src=\"https:\/\/ifsancho.com\/wp-content\/uploads\/2019\/12\/ilustracion_pek-1-150x150.jpg\" alt=\"Isabel F. Sancho - Portfolio online\" class=\"wp-image-691\" srcset=\"https:\/\/ifsancho.com\/wp-content\/uploads\/2019\/12\/ilustracion_pek-1-150x150.jpg 150w, https:\/\/ifsancho.com\/wp-content\/uploads\/2019\/12\/ilustracion_pek-1.jpg 300w\" sizes=\"(max-width: 150px) 100vw, 150px\" \/><\/a><\/figure><\/div>\n\n\n\n<p class=\"has-text-align-center\"> <strong><a href=\"https:\/\/ifsancho.com\/index.php\/portfolio-ilustracion-en-madrid\/\">Ilustraci\u00f3n<\/a><\/strong><\/p>\n<\/div>\n<\/div>\n\n\n\n<div style=\"height:30px\" aria-hidden=\"true\" class=\"wp-block-spacer\"><\/div>\n\n\n\n<h3 class=\"has-text-align-center\">Contenidos a tu medida<\/h3>\n\n\n\n<p>Las ideas y propuestas de este portfolio online pueden ayudarte a escoger tu estilo pero, si buscas una <strong>soluci\u00f3n a medida<\/strong>, no dudes en contactar y solicitar una propuesta personalizada, a medida de tu proyecto y tu presupuesto. <\/p>\n\n\n\n<p> \u00bfAdem\u00e1s de renovar tu identidad corporativa o tu web, tambi\u00e9n quieres dotarlos de <strong>nuevos contenidos<\/strong>? Junto a mis servicios de dise\u00f1o, tambi\u00e9n puedo ofrecerte una amplia experiencia como<strong><a href=\"https:\/\/ifsancho.com\/index.php\/periodismo-y-comunicacion-en-madrid\/\"> redactora<\/a><\/strong>. Desde medios de comunicaci\u00f3n y agencias hasta blogs y portales especializados&#8230; Sean cu\u00e1les sean tus necesidades, \u00a1el dise\u00f1o y la comunicaci\u00f3n cuentan con todos los recursos que necesitas para alcanzar el \u00e9xito!<\/p>\n\n\n\n<div style=\"height:30px\" aria-hidden=\"true\" class=\"wp-block-spacer\"><\/div>\n","protected":false},"excerpt":{"rendered":"<p>Desde el rigor y la profesionalidad que exigen las publicaciones t\u00e9cnicas hasta la magia de los cuentos infantiles, en este portfolio online encontrar\u00e1s proyectos muy diferentes dentro del \u00e1mbito de la ilustraci\u00f3n, el dise\u00f1o editorial, el dise\u00f1o gr\u00e1fico y la creaci\u00f3n de contenidos digitales. As\u00ed que, si tienes un proyecto [&hellip;]<\/p>\n","protected":false},"author":1,"featured_media":0,"parent":0,"menu_order":0,"comment_status":"closed","ping_status":"closed","template":"","meta":[],"yoast_head":"<!-- This site is optimized with the Yoast SEO plugin v16.2 - https:\/\/yoast.com\/wordpress\/plugins\/seo\/ -->\n<title>Portfolio online: Ilustraci\u00f3n, dise\u00f1o editorial, gr\u00e1fico y web con I.F. Sancho<\/title>\n<meta name=\"description\" content=\"\u00bfEn busca de inspiraci\u00f3n para crear tu identidad corporativa? Visita mi portfolio online y descubre algunas de mis propuestas en dise\u00f1o e ilustraci\u00f3n.\" \/>\n<meta name=\"robots\" content=\"index, follow, max-snippet:-1, max-image-preview:large, max-video-preview:-1\" \/>\n<link rel=\"canonical\" href=\"https:\/\/ifsancho.com\/index.php\/portfolio-online-ilustracion-diseno-editorial-grafico-y-web\/\" \/>\n<meta property=\"og:locale\" content=\"es_ES\" \/>\n<meta property=\"og:type\" content=\"article\" \/>\n<meta property=\"og:title\" content=\"Portfolio online: Ilustraci\u00f3n, dise\u00f1o editorial, gr\u00e1fico y web con I.F. Sancho\" \/>\n<meta property=\"og:description\" content=\"\u00bfEn busca de inspiraci\u00f3n para crear tu identidad corporativa? Visita mi portfolio online y descubre algunas de mis propuestas en dise\u00f1o e ilustraci\u00f3n.\" \/>\n<meta property=\"og:url\" content=\"https:\/\/ifsancho.com\/index.php\/portfolio-online-ilustracion-diseno-editorial-grafico-y-web\/\" \/>\n<meta property=\"og:site_name\" content=\"Isabel F. Sancho\" \/>\n<meta property=\"article:modified_time\" content=\"2022-11-17T12:18:08+00:00\" \/>\n<meta property=\"og:image\" content=\"https:\/\/ifsancho.com\/wp-content\/uploads\/2019\/12\/editorial_pek-150x150.jpg\" \/>\n<meta name=\"twitter:card\" content=\"summary_large_image\" \/>\n<meta name=\"twitter:label1\" content=\"Tiempo de lectura\">\n\t<meta name=\"twitter:data1\" content=\"2 minutos\">\n<script type=\"application\/ld+json\" class=\"yoast-schema-graph\">{\"@context\":\"https:\/\/schema.org\",\"@graph\":[{\"@type\":[\"Person\",\"Organization\"],\"@id\":\"https:\/\/ifsancho.com\/#\/schema\/person\/544b8c3e50e85356cc1b231deb8b178b\",\"name\":\"admin5062\",\"image\":{\"@type\":\"ImageObject\",\"@id\":\"https:\/\/ifsancho.com\/#personlogo\",\"inLanguage\":\"es\",\"url\":\"https:\/\/secure.gravatar.com\/avatar\/e2901886fd550c6329d95cf5cf69f6f7?s=96&d=mm&r=g\",\"contentUrl\":\"https:\/\/secure.gravatar.com\/avatar\/e2901886fd550c6329d95cf5cf69f6f7?s=96&d=mm&r=g\",\"caption\":\"admin5062\"},\"logo\":{\"@id\":\"https:\/\/ifsancho.com\/#personlogo\"}},{\"@type\":\"WebSite\",\"@id\":\"https:\/\/ifsancho.com\/#website\",\"url\":\"https:\/\/ifsancho.com\/\",\"name\":\"Isabel F. Sancho\",\"description\":\"Servicios freelance de dise\\u00f1o y comunicaci\\u00f3n\",\"publisher\":{\"@id\":\"https:\/\/ifsancho.com\/#\/schema\/person\/544b8c3e50e85356cc1b231deb8b178b\"},\"potentialAction\":[{\"@type\":\"SearchAction\",\"target\":\"https:\/\/ifsancho.com\/?s={search_term_string}\",\"query-input\":\"required name=search_term_string\"}],\"inLanguage\":\"es\"},{\"@type\":\"ImageObject\",\"@id\":\"https:\/\/ifsancho.com\/index.php\/portfolio-online-ilustracion-diseno-editorial-grafico-y-web\/#primaryimage\",\"inLanguage\":\"es\",\"url\":\"https:\/\/ifsancho.com\/wp-content\/uploads\/2019\/12\/editorial_pek.jpg\",\"contentUrl\":\"https:\/\/ifsancho.com\/wp-content\/uploads\/2019\/12\/editorial_pek.jpg\",\"width\":300,\"height\":300},{\"@type\":\"WebPage\",\"@id\":\"https:\/\/ifsancho.com\/index.php\/portfolio-online-ilustracion-diseno-editorial-grafico-y-web\/#webpage\",\"url\":\"https:\/\/ifsancho.com\/index.php\/portfolio-online-ilustracion-diseno-editorial-grafico-y-web\/\",\"name\":\"Portfolio online: Ilustraci\\u00f3n, dise\\u00f1o editorial, gr\\u00e1fico y web con I.F. Sancho\",\"isPartOf\":{\"@id\":\"https:\/\/ifsancho.com\/#website\"},\"primaryImageOfPage\":{\"@id\":\"https:\/\/ifsancho.com\/index.php\/portfolio-online-ilustracion-diseno-editorial-grafico-y-web\/#primaryimage\"},\"datePublished\":\"2019-02-06T17:51:35+00:00\",\"dateModified\":\"2022-11-17T12:18:08+00:00\",\"description\":\"\\u00bfEn busca de inspiraci\\u00f3n para crear tu identidad corporativa? Visita mi portfolio online y descubre algunas de mis propuestas en dise\\u00f1o e ilustraci\\u00f3n.\",\"breadcrumb\":{\"@id\":\"https:\/\/ifsancho.com\/index.php\/portfolio-online-ilustracion-diseno-editorial-grafico-y-web\/#breadcrumb\"},\"inLanguage\":\"es\",\"potentialAction\":[{\"@type\":\"ReadAction\",\"target\":[\"https:\/\/ifsancho.com\/index.php\/portfolio-online-ilustracion-diseno-editorial-grafico-y-web\/\"]}]},{\"@type\":\"BreadcrumbList\",\"@id\":\"https:\/\/ifsancho.com\/index.php\/portfolio-online-ilustracion-diseno-editorial-grafico-y-web\/#breadcrumb\",\"itemListElement\":[{\"@type\":\"ListItem\",\"position\":1,\"item\":{\"@type\":\"WebPage\",\"@id\":\"https:\/\/ifsancho.com\/\",\"url\":\"https:\/\/ifsancho.com\/\",\"name\":\"Portada\"}},{\"@type\":\"ListItem\",\"position\":2,\"item\":{\"@id\":\"https:\/\/ifsancho.com\/index.php\/portfolio-online-ilustracion-diseno-editorial-grafico-y-web\/#webpage\"}}]}]}<\/script>\n<!-- \/ Yoast SEO plugin. -->","_links":{"self":[{"href":"https:\/\/ifsancho.com\/index.php\/wp-json\/wp\/v2\/pages\/126"}],"collection":[{"href":"https:\/\/ifsancho.com\/index.php\/wp-json\/wp\/v2\/pages"}],"about":[{"href":"https:\/\/ifsancho.com\/index.php\/wp-json\/wp\/v2\/types\/page"}],"author":[{"embeddable":true,"href":"https:\/\/ifsancho.com\/index.php\/wp-json\/wp\/v2\/users\/1"}],"replies":[{"embeddable":true,"href":"https:\/\/ifsancho.com\/index.php\/wp-json\/wp\/v2\/comments?post=126"}],"version-history":[{"count":73,"href":"https:\/\/ifsancho.com\/index.php\/wp-json\/wp\/v2\/pages\/126\/revisions"}],"predecessor-version":[{"id":1438,"href":"https:\/\/ifsancho.com\/index.php\/wp-json\/wp\/v2\/pages\/126\/revisions\/1438"}],"wp:attachment":[{"href":"https:\/\/ifsancho.com\/index.php\/wp-json\/wp\/v2\/media?parent=126"}],"curies":[{"name":"wp","href":"https:\/\/api.w.org\/{rel}","templated":true}]}}

<p>Desde el rigor y la profesionalidad que exigen las<strong> publicaciones técnicas</strong> hasta la magia de los<strong> cuentos infantiles</strong>, en este portfolio online encontrarás proyectos muy diferentes dentro del ámbito de la <strong>ilustración</strong>, el<strong> diseño editorial</strong>, el<strong> diseño gráfico</strong> y la creación de <strong>contenidos digitales</strong>.</p>



<p>Así que, si tienes un proyecto entre manos y necesitas un poco de ayuda, ¿qué te parece sumergirte unos instantes en el apasionante mundo del<strong> diseño?</strong> Elige el área que más te interese y navega a través de las distintas galerías. También puedes afinar tus búsquedas utilizando las diferentes categorías.</p>



<div style="height:30px" aria-hidden="true" class="wp-block-spacer"></div>



<h3 class="has-text-align-center">¿Preparado para buscar inspiración?</h3>



<div style="height:30px" aria-hidden="true" class="wp-block-spacer"></div>



<div class="wp-block-columns">
<div class="wp-block-column is-vertically-aligned-top">
<div class="wp-block-image is-style-circle-mask"><figure class="aligncenter size-thumbnail"><a href="http://ifsancho.com/index.php/diseno-editorial-portfolio"><img width="150" height="150" src="https://ifsancho.com/wp-content/uploads/2019/12/editorial_pek-150x150.jpg" alt="Isabel F. Sancho - Portfolio online" class="wp-image-676" srcset="https://ifsancho.com/wp-content/uploads/2019/12/editorial_pek-150x150.jpg 150w, https://ifsancho.com/wp-content/uploads/2019/12/editorial_pek.jpg 300w" sizes="(max-width: 150px) 100vw, 150px" /></a></figure></div>



<p class="has-text-align-center"> <strong><a href="https://ifsancho.com/index.php/diseno-editorial-portfolio/">Diseño editorial</a></strong> </p>
</div>



<div class="wp-block-column">
<div class="wp-block-image is-style-circle-mask"><figure class="aligncenter size-thumbnail"><a href="http://ifsancho.com/index.php/portfolio-diseno-grafico"><img width="150" height="150" src="https://ifsancho.com/wp-content/uploads/2020/01/grafico2_pek-4-150x150.jpg" alt="" class="wp-image-1295" srcset="https://ifsancho.com/wp-content/uploads/2020/01/grafico2_pek-4-150x150.jpg 150w, https://ifsancho.com/wp-content/uploads/2020/01/grafico2_pek-4.jpg 300w" sizes="(max-width: 150px) 100vw, 150px" /></a></figure></div>



<p class="has-text-align-center"> <strong><a href="https://ifsancho.com/index.php/portfolio-diseno-grafico/">Diseño gráfico</a></strong> </p>
</div>



<div class="wp-block-column">
<div class="wp-block-image is-style-circle-mask"><figure class="aligncenter size-thumbnail"><a href="http://ifsancho.com/index.php/portfolio-diseno-web"><img width="150" height="150" src="https://ifsancho.com/wp-content/uploads/2019/12/web_pek-150x150.jpg" alt="Isabel F. Sancho - Portfolio online" class="wp-image-707" srcset="https://ifsancho.com/wp-content/uploads/2019/12/web_pek-150x150.jpg 150w, https://ifsancho.com/wp-content/uploads/2019/12/web_pek.jpg 300w" sizes="(max-width: 150px) 100vw, 150px" /></a></figure></div>



<p class="has-text-align-center"> <strong><a href="https://ifsancho.com/index.php/portfolio-diseno-web/">Diseño web</a></strong> </p>
</div>



<div class="wp-block-column">
<div class="wp-block-image is-style-circle-mask"><figure class="aligncenter size-thumbnail"><a href="http://ifsancho.com/index.php/portfolio-ilustracion-en-madrid"><img width="150" height="150" src="https://ifsancho.com/wp-content/uploads/2019/12/ilustracion_pek-1-150x150.jpg" alt="Isabel F. Sancho - Portfolio online" class="wp-image-691" srcset="https://ifsancho.com/wp-content/uploads/2019/12/ilustracion_pek-1-150x150.jpg 150w, https://ifsancho.com/wp-content/uploads/2019/12/ilustracion_pek-1.jpg 300w" sizes="(max-width: 150px) 100vw, 150px" /></a></figure></div>



<p class="has-text-align-center"> <strong><a href="https://ifsancho.com/index.php/portfolio-ilustracion-en-madrid/">Ilustración</a></strong></p>
</div>
</div>



<div style="height:30px" aria-hidden="true" class="wp-block-spacer"></div>



<h3 class="has-text-align-center">Contenidos a tu medida</h3>



<p>Las ideas y propuestas de este portfolio online pueden ayudarte a escoger tu estilo pero, si buscas una <strong>solución a medida</strong>, no dudes en contactar y solicitar una propuesta personalizada, a medida de tu proyecto y tu presupuesto. </p>



<p> ¿Además de renovar tu identidad corporativa o tu web, también quieres dotarlos de <strong>nuevos contenidos</strong>? Junto a mis servicios de diseño, también puedo ofrecerte una amplia experiencia como<strong><a href="https://ifsancho.com/index.php/periodismo-y-comunicacion-en-madrid/"> redactora</a></strong>. Desde medios de comunicación y agencias hasta blogs y portales especializados&#8230; Sean cuáles sean tus necesidades, ¡el diseño y la comunicación cuentan con todos los recursos que necesitas para alcanzar el éxito!</p>



<div style="height:30px" aria-hidden="true" class="wp-block-spacer"></div>

<p>Desde el rigor y la profesionalidad que exigen las publicaciones técnicas hasta la magia de los cuentos infantiles, en este portfolio online encontrarás proyectos muy diferentes dentro del ámbito de la ilustración, el diseño editorial, el diseño gráfico y la creación de contenidos digitales. Así que, si tienes un proyecto [&hellip;]</p>

<!-- This site is optimized with the Yoast SEO plugin v16.2 - https://yoast.com/wordpress/plugins/seo/ -->
<title>Portfolio online: Ilustración, diseño editorial, gráfico y web con I.F. Sancho</title>
<meta name="description" content="¿En busca de inspiración para crear tu identidad corporativa? Visita mi portfolio online y descubre algunas de mis propuestas en diseño e ilustración." />
<meta name="robots" content="index, follow, max-snippet:-1, max-image-preview:large, max-video-preview:-1" />
<link rel="canonical" href="https://ifsancho.com/index.php/portfolio-online-ilustracion-diseno-editorial-grafico-y-web/" />
<meta property="og:locale" content="es_ES" />
<meta property="og:type" content="article" />
<meta property="og:title" content="Portfolio online: Ilustración, diseño editorial, gráfico y web con I.F. Sancho" />
<meta property="og:description" content="¿En busca de inspiración para crear tu identidad corporativa? Visita mi portfolio online y descubre algunas de mis propuestas en diseño e ilustración." />
<meta property="og:url" content="https://ifsancho.com/index.php/portfolio-online-ilustracion-diseno-editorial-grafico-y-web/" />
<meta property="og:site_name" content="Isabel F. Sancho" />
<meta property="article:modified_time" content="2022-11-17T12:18:08+00:00" />
<meta property="og:image" content="https://ifsancho.com/wp-content/uploads/2019/12/editorial_pek-150x150.jpg" />
<meta name="twitter:card" content="summary_large_image" />
<meta name="twitter:label1" content="Tiempo de lectura">
	<meta name="twitter:data1" content="2 minutos">
<script type="application/ld+json" class="yoast-schema-graph">{"@context":"https://schema.org","@graph":[{"@type":["Person","Organization"],"@id":"https://ifsancho.com/#/schema/person/544b8c3e50e85356cc1b231deb8b178b","name":"admin5062","image":{"@type":"ImageObject","@id":"https://ifsancho.com/#personlogo","inLanguage":"es","url":"https://secure.gravatar.com/avatar/e2901886fd550c6329d95cf5cf69f6f7?s=96&d=mm&r=g","contentUrl":"https://secure.gravatar.com/avatar/e2901886fd550c6329d95cf5cf69f6f7?s=96&d=mm&r=g","caption":"admin5062"},"logo":{"@id":"https://ifsancho.com/#personlogo"}},{"@type":"WebSite","@id":"https://ifsancho.com/#website","url":"https://ifsancho.com/","name":"Isabel F. Sancho","description":"Servicios freelance de dise\u00f1o y comunicaci\u00f3n","publisher":{"@id":"https://ifsancho.com/#/schema/person/544b8c3e50e85356cc1b231deb8b178b"},"potentialAction":[{"@type":"SearchAction","target":"https://ifsancho.com/?s={search_term_string}","query-input":"required name=search_term_string"}],"inLanguage":"es"},{"@type":"ImageObject","@id":"https://ifsancho.com/index.php/portfolio-online-ilustracion-diseno-editorial-grafico-y-web/#primaryimage","inLanguage":"es","url":"https://ifsancho.com/wp-content/uploads/2019/12/editorial_pek.jpg","contentUrl":"https://ifsancho.com/wp-content/uploads/2019/12/editorial_pek.jpg","width":300,"height":300},{"@type":"WebPage","@id":"https://ifsancho.com/index.php/portfolio-online-ilustracion-diseno-editorial-grafico-y-web/#webpage","url":"https://ifsancho.com/index.php/portfolio-online-ilustracion-diseno-editorial-grafico-y-web/","name":"Portfolio online: Ilustraci\u00f3n, dise\u00f1o editorial, gr\u00e1fico y web con I.F. Sancho","isPartOf":{"@id":"https://ifsancho.com/#website"},"primaryImageOfPage":{"@id":"https://ifsancho.com/index.php/portfolio-online-ilustracion-diseno-editorial-grafico-y-web/#primaryimage"},"datePublished":"2019-02-06T17:51:35+00:00","dateModified":"2022-11-17T12:18:08+00:00","description":"\u00bfEn busca de inspiraci\u00f3n para crear tu identidad corporativa? Visita mi portfolio online y descubre algunas de mis propuestas en dise\u00f1o e ilustraci\u00f3n.","breadcrumb":{"@id":"https://ifsancho.com/index.php/portfolio-online-ilustracion-diseno-editorial-grafico-y-web/#breadcrumb"},"inLanguage":"es","potentialAction":[{"@type":"ReadAction","target":["https://ifsancho.com/index.php/portfolio-online-ilustracion-diseno-editorial-grafico-y-web/"]}]},{"@type":"BreadcrumbList","@id":"https://ifsancho.com/index.php/portfolio-online-ilustracion-diseno-editorial-grafico-y-web/#breadcrumb","itemListElement":[{"@type":"ListItem","position":1,"item":{"@type":"WebPage","@id":"https://ifsancho.com/","url":"https://ifsancho.com/","name":"Portada"}},{"@type":"ListItem","position":2,"item":{"@id":"https://ifsancho.com/index.php/portfolio-online-ilustracion-diseno-editorial-grafico-y-web/#webpage"}}]}]}</script>
<!-- / Yoast SEO plugin. -->
